3850 a multiple of 25?
True
Does 40 divide 2240?
True
Is 15 a factor of 706?
False
Is 880 a multiple of 11?
True
Is 11 a factor of 1540?
True
Is 7 a factor of 3281?
False
Is 624 a multiple of 6?
True
Is 9 a factor of 905?
False
Is 509 a multiple of 110?
False
Is 53474 a multiple of 276?
False
Is 4 a factor of 907?
False
Does 24 divide 15840?
True
Is 4305 a multiple of 2?
False
Is 36 a multiple of 12?
True
Does 6 divide 18564?
True
Is 755 a multiple of 16?
False
Does 59 divide 22361?
True
Is 1817 a multiple of 40?
False
Is 7241 a multiple of 7?
False
Does 3 divide 435?
True
Does 8 divide 72?
True
Does 11 divide 427?
False
Is 35359 a multiple of 32?
False
Is 65 a factor of 2600?
True
Is 912 a multiple of 8?
True
Is 1376 a multiple of 16?
True
Is 19 a factor of 3380?
False
Is 45 a factor of 2340?
True
Is 100 a factor of 3300?
True
Is 320 a factor of 22458?
False
Is 13 a factor of 156?
True
Does 241 divide 121288?
False
Does 46 divide 2024?
True
Is 4305 a multiple of 15?
True
Is 41 a factor of 1189?
True
Is 22 a factor of 22726?
True
Does 5 divide 2260?
True
Does 14 divide 144?
False
Is 35 a factor of 7052?
False
Is 7740 a multiple of 45?
True
Does 32 divide 48271?
False
Does 39 divide 6301?
False
Does 42 divide 297?
False
Is 51 a factor of 1275?
True
Is 16717 a multiple of 27?
False
Does 26 divide 81410?
False
Is 97 a factor of 679?
True
Is 4 a factor of 121?
False
Is 43 a factor of 1563?
False
Is 114 a factor of 39855?
False
Is 29 a factor of 737?
False
Does 21 divide 546?
True
Is 29 a factor of 937?
False
Is 2145 a multiple of 58?
False
Is 1176 a multiple of 4?
True
Is 118 a factor of 2478?
True
Does 25 divide 11416?
False
Is 9 a factor of 6974?
False
Does 39 divide 273?
True
Does 14 divide 4060?
True
Is 9 a factor of 621?
True
Is 52 a factor of 6916?
True
Is 10 a factor of 610?
True
Is 86 a factor of 21609?
False
Does 95 divide 17100?
True
Does 188 divide 16544?
True
Is 16 a factor of 58960?
True
Is 21505 a multiple of 8?
False
Is 1009 a multiple of 6?
False
Does 14 divide 10947?
False
Is 6 a factor of 23?
False
Does 8 divide 8328?
True
Is 8 a factor of 16861?
False
Is 35 a factor of 20895?
True
Does 13 divide 16547?
False
Is 2175 a multiple of 29?
True
Is 8 a factor of 198?
False
Does 14 divide 42?
True
Is 9 a factor of 335?
False
Is 97 a factor of 51585?
False
Is 35 a multiple of 3?
False
Does 38 divide 920?
False
Is 24615 a multiple of 15?
True
Does 3 divide 755?
False
Is 206 a factor of 10300?
True
Does 97 divide 11155?
True
Is 94 a factor of 846?
True
Does 20 divide 120?
True
Is 2615 a multiple of 5?
True
Is 792 a multiple of 23?
False
Is 25 a factor of 8997?
False
Is 1966 a multiple of 118?
False
Is 13 a factor of 494?
True
Does 28 divide 1138?
False
Is 523 a multiple of 32?
False
Is 14 a factor of 6118?
True
Is 7 a factor of 73?
False
Is 18074 a multiple of 14?
True
Does 5 divide 440?
True
Does 32 divide 864?
True
Does 13 divide 5725?
False
Is 50 a factor of 17037?
False
Does 210 divide 24487?
False
Is 15 a factor of 324?
False
Is 33858 a multiple of 54?
True
Is 71286 a multiple of 109?
True
Is 5 a factor of 1331?
False
Does 7 divide 14868?
True
Is 9 a factor of 96?
False
Is 126 a factor of 1134?
True
Is 232 a multiple of 4?
True
Is 160 even?
True
Is 211 a factor of 21100?
True
Is 7 a factor of 170?
False
Does 5 divide 360?
True
Does 76 divide 28956?
True
Is 505 a multiple of 7?
False
Is 269 a factor of 11029?
True
Is 58 a factor of 707?
False
Does 45 divide 90?
True
Is 173 a factor of 15743?
True
Is 5350 a multiple of 33?
False
Is 120 a multiple of 4?
True
Is 7446 a multiple of 17?
True
Does 11 divide 5120?
False
Does 38 divide 3192?
True
Is 20935 a multiple of 395?
True
Does 2 divide 371?
False
Does 87 divide 261?
True
Is 6564 a multiple of 43?
False
Is 1071 a multiple of 17?
True
Does 5 divide 5416?
False
Is 1032 a multiple of 14?
False
Is 14168 a multiple of 77?
True
Is 129 a factor of 2211?
False
Is 42147 a multiple of 63?
True
Is 48 a factor of 1717?
False
Is 77 a factor of 2849?
True
Is 38 a factor of 9272?
True
Does 10 divide 3364?
False
Does 30 divide 149850?
True
Does 8 divide 277?
False
Is 19709 a multiple of 112?
False
Is 67 a factor of 536?
True
Is 1800 a multiple of 75?
True
Does 71 divide 1411?
False
Does 78 divide 936?
True
Is 46 a multiple of 23?
True
Is 507 a multiple of 19?
False
Is 10 a factor of 1000?
True
Is 3699 a multiple of 27?
True
Is 15 a factor of 729?
False
Is 384 a multiple of 12?
True
Is 15760 a multiple of 4?
True
Is 72 a factor of 30352?
False
Is 16672 a multiple of 32?
True
Does 48 divide 31872?
True
Does 16 divide 64?
True
Is 8160 a multiple of 68?
True
Is 162 a multiple of 34?
False
Does 16 divide 176232?
False
Is 90408 a multiple of 28?
False
Is 15561 a multiple of 239?
False
Is 9 a factor of 1261?
False
Does 14 divide 10850?
True
Is 4357 a multiple of 11?
False
Does 22 divide 863?
False
Is 3 a factor of 63?
True
Is 176 a factor of 61600?
True
Does 6 divide 9870?
True
Is 57 a factor of 1067?
False
Does 27 divide 4968?
True
Is 902 a multiple of 33?
False
Is 76812 a multiple of 111?
True
Is 26 a factor of 884?
True
Is 25 a factor of 28?
False
Is 6248 a multiple of 71?
True
Is 103 a factor of 2266?
True
Is 13194 a multiple of 18?
True
Is 162 a multiple of 13?
False
Is 1778 a multiple of 47?
False
Is 37 a factor of 5409?
False
Is 2680 a multiple of 40?
True
Is 40 a factor of 28320?
True
Does 5 divide 68?
False
Is 5 a factor of 2224?
False
Is 7 a factor of 987?
True
Does 34 divide 3461?
False
Is 15 a factor of 3077?
False
Does 72 divide 14040?
True
Does 267 divide 17979?
False
Is 11 a factor of 132?
True
Is 22 a factor of 902?
True
Is 68 a factor of 6877?
False
Does 50 divide 100?
True
Does 68 divide 884?
True
Is 13695 a multiple of 258?
False
Does 35 divide 15177?
False
Is 49 a factor of 4787?
False
Does 62 divide 57456?
False
Is 11182 a multiple of 106?
False
Is 4150 a multiple of 28?
False
Does 5 divide 462?
False
Does 9 divide 378?
True
Is 23 a factor of 2484?
True
Is 48 a multiple of 6?
True
Is 6600 a multiple of 132?
True
Is 2985 a multiple of 33?
False
Does 33 divide 1980?
True
Is 32 a factor of 1588?
False
Does 45 divide 67560?
False
Is 34 a factor of 64?
False
Does 25 divide 950?
True
Does 23 divide 178?
False
Does 6 divide 777?
False
Is 14 a factor of 28?
True
Is 10308 a multiple of 12?
True
Does 4 divide 96?
True
Does 62 divide 28644?
True
Is 15166 a multiple of 46?
False
Does 44 divide 14969?
False
Is 174531 a multiple of 14?
False
Is 12 a factor of 4403?
False
Does 4 divide 286?
False
Does 71 divide 7449?
False
Does 15 divide 105?
True
Is 5 a factor of 6920?
True
Is 48 a factor of 85?
False
Is 17 a factor of 30644?
False
Is 30 a factor of 53287?
False
Is 61 a factor of 9455?
True
Is 9 a factor of 430?
False
Is 36 a factor of 1260?
True
Does 21 divide 2132?
False
Is 23812 a multiple of 169?
False
Does 89 divide 57850?
True
Does 64 divide 788?
False
Does 51 divide 741?
False
Is 33 a factor of 627?
True
Is 49 a factor of 637?
True
Does 36 divide 396?
True
Is 21 a factor of 2037?
True
Is 9406 a multiple of 34?
False
Is 32 a factor of 1394?
False
Is 46 a factor of 1459?
False
Is 57 a factor of 12141?
True
Is 6 a factor of 5112?
True
Is 52 a factor of 2756?
True
Is 14 a factor of 406?
True
Is 1170 a multiple of 15?
True
Does 37 divide 42069?
True
Is 161 a factor of 73387?
False
Is 9120 a multiple of 20?
True
Is 48 a multiple of 6?
True
Does 14 divide 672?
True
Is 10319 a multiple of 17?
True
Does 89 divide 7387?
True
Does 4 divide 40?
True
Does 40 divide 1861?
False
Is 14 a factor of 119210?
True
Is 2580 a multiple of 30?
True
Is 40174 a multiple of 106?
True
Is 4995 a multiple of 111?
True
Does 21 divide 525?
True
Does 6 divide 5490?
True
Does 27 divide 1971?
True
Does 58 divide 2436?
True
Is 35 a factor of 72551?
False
Is 264 a multiple of 22?
True
Does 40 divide 1517?
False
Does 40 divide 62?
False
Is 2431 a multiple of 10?
False
Is 7 a factor of 483?
True
Is 8742 a multiple of 31?
True
Does 63 divide 38367?
True
Is 14 a factor of 417?
False
Does 61 divide 427?
True
Does 63 divide 630?
True
Does 6 divide 3313?
False
Is 34268 a multiple of 26?
True
Is 24 a factor of 339?
False
Is 3861 a multiple of 9?
True
Is 217 a multiple of 5?
False
Does 13 divide 188?
False
Does 12 divide 383?
False
Does